 s?
7
Let d(q) = q**2 + 7*q - 4. Let u be d(-8). Suppose -3*b - b = -3*c + 544, -c = u*b - 192. What is the units digit of c?
4
Suppose 0 = 5*a - 10*a - 125. Let v be (-1 + (-1)/(-2))*(19 + a). Suppose -v*s - 917 = -10*s. What is the units digit of s?
1
Suppose 0 = -12*r + 161020 + 36188. What is the units digit of r?
4
Let t be (-1 - (5 - -6))*(-32)/12. Suppose 0 = t*x - 28*x - 268. What is the tens digit of x?
6
Suppose 91 - 7 = 3*p. What is the units digit of 6/(-4) + -49*p/(-8)?
0
Let s = -478 - -808. Let f = s - 184. What is the hundreds digit of f?
1
Let b(q) = 37*q**2 - 30*q - 39. What is the hundreds digit of b(9)?
6
Let s = -74 - -77. Suppose -s*d - k - 1802 = -8*d, 3*d - 1088 = 4*k. Suppose 2*u = 5*j - d, u - 38 = -j + 34. What is the units digit of j?
2
Let o(m) = 171*m**3 - 93*m + 29. What is the hundreds digit of o(5)?
9
Suppose -3432*c + 51968 = -3424*c. What is the thousands digit of c?
6
Let f(p) = 2*p**2 + 5*p - 2. Let y = 10 + -6. Let q be f(y). Suppose 3*t - q = 5*h + 87, 0 = 3*t + 2*h - 151. What is the tens digit of t?
4
Let r = -203 + 173. What is the tens digit of (-47)/(12/r*(-5)/(-4))?
9
Suppose -5*v = 3*a - 2843 - 66, -3*v + 1737 = -a. What is the tens digit of v?
8
Let l(f) = 4*f**2 - 228*f + 122. What is the hundreds digit of l(-33)?
0
Let p(r) be the second derivative of -3/2*r**2 - 27*r - 1/12*r**4 - 25/6*r**3 + 0. What is the units digit of p(-18)?
3
Suppose -3*n + w + 74856 + 128365 = 0, 35 = -5*w. What is the thousands digit of n?
7
Let z(t) = 15 + 8*t**2 - 29 + 0*t**2 + 9*t + t**3 + 22. What is the tens digit of z(-6)?
2
Let f(a) = 3*a**3 - 83*a**2 - 27*a - 580. What is the tens digit of f(36)?
4
Let d be (20/(-50))/(2/(-7690)). Suppose 4*b - 3399 = -f - 313, -2*b - 3*f = -d. What is the units digit of b?
2
Let p(i) = 846*i + 3639. What is the thousands digit of p(46)?
2
Let u(d) = 85*d**2 - 140*d + 121. What is the units digit of u(-9)?
6
Suppose 5*l = -3*c + 149059, -4*l + 40 = 56. What is the units digit of c?
3
Let y = -8 + -4. Let n(x) = -x**3 - 8*x**2 + 15*x + 15. Let f be n(y). Suppose -2*p + 3*t = p - f, -4*t = 8. What is the hundreds digit of p?
1
Suppose -14*p - p = -30. Suppose 5*r - p*l = 14677, -2*l + 8823 = 3*r + l. Suppose 0 = 8*i + 937 - r. What is the units digit of i?
0
Suppose -h - 8 = -3*q - 3, -2*q = -4*h + 10. Suppose -q*f = -j - 2*j - 921, -2*j + 307 = f. What is the hundreds digit of f?
3
Let h = -144 + 288. Suppose d = 5*g + 200 + h, -5*d - g + 1746 = 0. What is the units digit of d?
9
Let g(y) = -400*y + 358*y + 6 - y**3 - 17*y**2 + 11*y**2. What is the hundreds digit of g(-11)?
0
Let l(c) = 1143*c - 236. What is the units digit of l(10)?
4
Let s be 1 - 6/7 - 7854/98. Let w = s - -208. What is the tens digit of w?
2
Let l(h) = -h**3 - 58*h**2 + 10*h - 12. What is the units digit of l(-59)?
9
Let k(o) = 2808*o + 16797. What is the ten thousands digit of k(11)?
4
Let b(j) = 932*j**2 - 1427*j + 7165. What is the hundreds digit of b(5)?
3
Suppose -200 = 10*y - 5*y. Let i = y + 45. Suppose -i*b = -0*b - 310. What is the tens digit of b?
6
Suppose g + 28 + 5 = 0. Let b = -51 - g. Let n = 25 - b. What is the tens digit of n?
4
Let c(n) = 10*n - 2. Let i = 56 - 49. Let p = i + 0. What is the units digit of c(p)?
8
Let t be 21/(105/(-20))*(-139)/4. Suppose 1548 = -3*c - 9*c. Let w = t + c. What is the tens digit of w?
1
Let o be 44/(-66) - 146/(-3). Let z(v) = -3 - 5*v - o*v - 14*v + 6*v. What is the hundreds digit of z(-3)?
1
Let g(h) = -h**2 + 8*h - 9. Let k be g(6). Suppose -k*m + 4*m = 485. Suppose -4*p - 8 = 0, f + 2*f - m = -2*p. What is the tens digit of f?
6
What is the thousands digit of 5248 - ((-2)/(-11) - (-1026)/(-198))?
5
Let d(w) be the third derivative of -w**6/40 - w**5/15 - w**4/12 + 8*w**3/3 + 26*w**2. What is the tens digit of d(-4)?
5
Let g = 14481 + -8719. Suppose g - 1702 = 7*d. What is the hundreds digit of d?
5
Suppose -4*q = m + 20, 0 = 3*q - 0*m + m + 15. Let n be ((-26)/(-5) - 3) + 1/q. Suppose -n*k - 3*r = -209, 3*k - 302 = -5*r + 13. What is the units digit of k?
0
Let a(m) = 995*m - 3451. What is the ten thousands digit of a(15)?
1
Suppose 0 = -3*r - 3*o - 132, 3*r + 3*o + 212 = -2*r. Let b = r + 102. Suppose j = 23 + b. What is the units digit of j?
5
Suppose q + 0*q = -13. Suppose -j + 3*j + 4*b = -200, 5*j + 512 = 2*b. Let r = q - j. What is the units digit of r?
9
Suppose -5 = 39*g - 40*g. Let h(f) = -25*f - 6. Let p be h(-7). Suppose -g*w = -y - p, 2*y - 2 = -0. What is the units digit of w?
4
Suppose -2*i - 161 + 565 = -5*v, -808 = -4*i + 4*v. Suppose i*k = 205*k - 153. What is the tens digit of k?
5
Let o = -66 + 64. Let b be 1/o*(1 - 1). Suppose 4*z + 2*l = 150, z - 3*l - 5 - 15 = b. What is the tens digit of z?
3
Let o = -9091 + 16162. What is the hundreds digit of o?
0
Let u(x) = 2*x**3 - 9*x**2 - 5*x - 2. Let v be (-1 + (-50)/8)/((-4)/80). Let n = v + -138. What is the tens digit of u(n)?
0
Suppose -943536 = 759*g - 825*g. What is the thousands digit of g?
4
Let f be (10101/91)/(3/34). Suppose z - 181 = 3*c - f, 713 = 2*c + z. What is the units digit of c?
8
Let g(r) be the third derivative of 0 - 1/60*r**6 - 4*r**2 + 0*r + 17/6*r**3 - 1/8*r**4 + 7/12*r**5. What is the hundreds digit of g(17)?
2
Suppose 30*q - 3040 = -2*q. What is the units digit of (-831)/(46/(-20) + 76/q)?
4
What is the units digit of 55889*(-6 + 18)/12?
9
Suppose 0 = 2*k - 74 + 1786. Let w = k - -1711. Suppose -a = -5*h + w, 3*a - 852 = -5*h + 23. What is the units digit of h?
2
Let g(v) = -165*v - 683. What is the tens digit of g(-7)?
7
Let b(n) = -22*n - 1. Let o be b(-2). Let j = 31 - o. Let d = 66 + j. What is the units digit of d?
4
Suppose -4*l - 104020 = -5*u + 9282, -3*u + 67986 = -3*l. What is the thousands digit of u?
2
Suppose -3*v = 2*x - 122576, 184*v - 185*v = 5*x - 306414. What is the tens digit of x?
8
Suppose n + 2 = 5*s, 3*n + 4*s + s = 34. Suppose 0 = n*w + 460 - 5340. What is the tens digit of w?
1
Let v be (1565/(-10))/((-4)/8). Suppose -v = -3*m - 37. Suppose 4*q = m + 28. What is the tens digit of q?
3
Suppose 83*r + 9701230 - 27439450 = -503*r. What is the units digit of r?
0
Let p(s) = s**2 - 5*s - 27. Let u be p(5). Let g = -78 - u. What is the units digit of (2 - g) + (-3 - 30/(-6))?
5
Let v(w) = 32 - 2*w + 3*w - 2*w + 16*w. What is the tens digit of v(15)?
5
Let q(z) = 18*z**2 + 12*z + 3. Let o be q(-1). Suppose -o*n = -356 - 9670. What is the thousands digit of n?
1
Suppose -20*m - 18 = -14*m. Let f(b) = 4*b**3 - 4*b - 10. Let x(q) = 3*q**3 - q**2 - 5*q - 10. Let a(z) = 2*f(z) - 3*x(z). What is the tens digit of a(m)?
4
Let f be 18 - 2/(-2)*2. Let i be 1 + f - (2 - -2). Suppose 7 = -3*w + 5*x, -x = 2*w - 0*w - i. What is the units digit of w?
6
Let s = 12 - 71. Let k = s + 19. What is the units digit of -6*(3 - k/(-3) - -2)?
0
Let g(c) = -358*c**2 - 13*c - 12. Let t be g(-3). What is the hundreds digit of 16/6*t/(-30)?
2
Let b be 3 + -8 + 5 + -1 + 7. Suppose -1520 = -b*f + 1306. What is the hundreds digit of f?
4
Suppose 2*n + 2*g = 6, 4*n - 2*g - 10 = 26. Suppose 6 = -n*z - 1. What is the units digit of (78/(-13))/(z/(-32)*-3)?
4
Let v(w) = -16*w + 132. Let b be v(8). Suppose 5*u + b*l - 789 = 462, -l + 4 = 0. What is the tens digit of u?
4
What is the hundreds digit of (7 + -6 + -2)*2*2 + 43933?
9
Suppose y = -3*c + 35127, -53657 = -5*y - c + 121936. What is the thousands digit of y?
5
Suppose y - 6 = -0*y. Suppose 11*d = y*d. Suppose 3*q - 164 + 5 = d. What is the tens digit of q?
5
Suppose 0 = 8*f - 95079 + 14527. What is the ten thousands digit of f?
1
Let s be (-27615)/(-25)*(5 - 10). Let h = -1506 + s. What is the hundreds digit of (-4)/6*h/22?
2
Suppose -9*v + 20 = -4*v. Suppose -v*s + 1423 + 1985 = 0. What is the hundreds digit of s?
8
Suppose 0 = -2*h - 3 - 13. Let v(p) = p**3 + 9*p**2 + 7*p - 3. Let t be v(h). Suppose t*j - 4*k = 66, -5*j - 2*k - 8 + 80 = 0. What is the tens digit of j?
1
Let b(r) = -1631*r + 3877. What is the ten thousands digit of b(-8)?
1
Let j(r) = 5*r**2 + 37*r - 13. Let x(a) = a + 16. Let y be x(-27). What is the units digit of j(y)?
5
Let s(c) = -c**3 - 14*c**2 + 23*c - 29. What is the units digit of s(-20)?
1
Let n be 7/7 + (-2)/(-2 - -4). Suppose n = -2*v + 5 - 1. What is the tens digit of v/((0 - 2)/(-96))?
9
Le